s the tens digit of s?
9
Suppose 15*n = 7*n + 88. Let t = 198 - n. Suppose -3*m + t = -71. What is the tens digit of m?
8
Let u(q) = q**2 - 6*q - 8. Let b(m) = -2*m**2 + 13*m + 17. Let h(p) = -3*b(p) - 5*u(p). Let l = 578 - 561. What is the tens digit of h(l)?
2
Suppose 27 = r + 18. Suppose r*m + 73 - 10 = 0. What is the units digit of (m - (-152)/24)/((-2)/186)?
2
What is the tens digit of 24*15/(-45) + 10219?
1
Let p(k) be the third derivative of -k**7/360 - k**6/60 + k**5/30 + 15*k**2. Let a(x) be the third derivative of p(x). What is the units digit of a(-4)?
4
Let k = -525 - -226. What is the units digit of -9 + (-9)/9*k?
0
Let n(h) = -7*h**2 - 418*h - 6. What is the thousands digit of n(-41)?
5
Let t(g) = 102*g**2 - 70*g + 605. What is the tens digit of t(14)?
1
Let o be (0 + (-9)/6)/(3/(-6)). Suppose 2*b - b = -2*c - 81, 99 = -o*c + 3*b. What is the tens digit of (-9)/6*(c - (1 - 3))?
5
Suppose 0 = -6*d + 14*d - 41720. What is the thousands digit of d?
5
Let u be 2 + 2586/(-36)*3*-10. Suppose 0 = -13*o - u + 6889. What is the units digit of o?
4
Let v(f) = -f**3 + 4*f**2 + 6*f - 4. Let h be v(4). What is the units digit of (h/35)/(2/203)?
8
Suppose -96622 - 167384 = -9*u. What is the thousands digit of u?
9
Suppose 4*w - 44*w = -426240. What is the ten thousands digit of w?
1
Suppose 5*b - 17 = -v - 0*v, -3*v = -5*b - 111. Let s(l) = 18*l + 57. What is the units digit of s(v)?
3
What is the hundreds digit of (26/(-8) - (-2)/(-8))/((-12)/21672)?
3
Let o = 2 - -10. Let u be -2*(-3 - -1)*o/48. What is the hundreds digit of (207 - (-4 + 5))/(u/1)?
2
Let h(w) be the second derivative of w**5/20 - 7*w**4/12 - w**3 - 13*w**2/2 - 9*w. Let u be h(8). Suppose n - u*n = -30. What is the tens digit of n?
1
Let j(w) = -w**3 + w**2 - w - 1. Let x(s) = 3*s**3 + 7*s**2 - 2*s - 8. Let o(t) = 4*j(t) + x(t). What is the hundreds digit of o(7)?
1
Suppose 64*a - 11665 - 132847 = 0. What is the hundreds digit of a?
2
Suppose -307 = -9*l - 37. Let u = -31 + l. What is the units digit of ((-3)/(-2))/u*-58?
7
Let v(y) be the second derivative of -3*y**3/2 + 7*y**2/2 - 33*y. Let x be v(-1). What is the units digit of (-18*2)/(1 + (-22)/x)?
6
Suppose 204*y - 40 = 209*y. Let t(p) = 6*p**2 - 11*p + 29. What is the units digit of t(y)?
1
Let a(w) = -9*w + 350. Let k be (-6*2/10)/((-1)/(-25)). What is the units digit of a(k)?
0
Let r(o) = -o**2 + 6*o + 5. Let j = -111 - -116. Let k be r(j). Suppose 2343 = k*p + p. What is the units digit of p?
3
Suppose 3*d - 35662 = -2*d + 4*z, -4*z = -8. Suppose 57*k = d + 4893. What is the units digit of k?
1
Suppose 3*g = -3*d - 15, 0 = -0*g - 5*g + 4*d + 2. Let v be 3/g*(76 + 10). Let u = 181 + v. What is the units digit of u?
2
What is the thousands digit of (-5 + -3133)/(108/(-306))?
8
Let o be (-7)/21*21*3/(-3). Suppose -o*r = -6788 - 1178. What is the units digit of r?
8
Let c be (-2358)/(5 - 0 - 4). Let x = c + 3985. What is the tens digit of x?
2
Let a(z) = z**2 - 3*z - z - 10*z. Let k(j) = j**2 + 55*j + 766. Let l be k(-30). What is the units digit of a(l)?
2
Let c(p) = 0*p - 7*p - 122 - 9*p - 8*p - 14*p. What is the tens digit of c(-8)?
8
Suppose 4*v = 4*f + 64, -7*v - 2*f + 115 = -2*v. Suppose 0 = -2*s + 4, 0 = 3*l + 24*s - v*s - 2688. What is the tens digit of l?
9
Suppose -1909 - 1817 = 3*k. What is the units digit of -10*1/(-3)*k/(-36)?
5
Let c = 1725 + 1151. Suppose 0 = 4*w + 5*u - c, -244 = -w - 5*u + 490. What is the hundreds digit of w?
7
Suppose 11*p + 34*p + 192795 = 1008285. What is the thousands digit of p?
8
What is the thousands digit of 35373/15 - (-4 + 32/10)?
2
Let h(b) = b**2 + 124*b + 1258. Let x be h(-11). Let p = 0 - -37. Let u = x + p. What is the tens digit of u?
5
Let n(j) = 21032*j + 1388. What is the tens digit of n(1)?
2
Let y = 4 - 4. Let p = y + 0. Suppose -4*c + c - a + 264 = p, -c + 88 = -5*a. What is the tens digit of c?
8
Suppose 2*d = 2*k + 32010, -3*d - k = -12916 - 35091. What is the hundreds digit of d?
0
Suppose -34*c + 5*p - 66422 = -37*c, 22134 = c + 5*p. What is the hundreds digit of c?
1
Let n = 393 + -169. Let y = -2876 + 2791. Let c = n + y. What is the units digit of c?
9
Suppose 263059 - 1755076 - 1103229 = -141*r. What is the ten thousands digit of r?
1
What is the tens digit of (7327/(-68))/((-5)/780)?
0
Let a = 3897 + -3187. What is the units digit of a?
0
Let y = -695 + -51. Let s = -414 - y. What is the tens digit of s?
3
Suppose 3*z = 5*n - 20, 0*n - 16 = -4*n + z. Let o be (-37)/(5/(11 + n)). Let t = o - -183. What is the tens digit of t?
7
Let t = 320 + -311. What is the units digit of 4 - (-9)/(t/22)?
6
Let t(s) = s**2 - 25*s + 102. Let p be t(20). Suppose 4*r - 522 = -p*z, -10*r = -z - 11*r + 257. What is the hundreds digit of z?
2
Let m = 88 + -5. Suppose -5*p = 4*a - 552, 3*p = 7*p - 4*a - 420. Let f = p - m. What is the tens digit of f?
2
What is the tens digit of (65700/(-350))/(2/(-84))?
8
Suppose 9*y - 5*y + 12 = 0, 0 = 4*m + 4*y - 5740. What is the hundreds digit of m?
4
Suppose 6*c + 4237 + 2039 = 0. Let p = 2181 + c. What is the tens digit of p?
3
What is the units digit of 5/((-5)/(-3)) - 13569/(-7 - -4)?
6
Let d be (363/(-6))/((-2)/(-4)). Let o = -79 - d. What is the tens digit of o?
4
Let d(y) = y**3 + y**2 - 2*y + 180. Suppose 3*a = 4*x + 8, a + 6 + 0 = -3*x. What is the hundreds digit of d(a)?
1
Suppose 12*y - 1504 = 28*y. Suppose 2*g + 2*g - 584 = 0. Let x = y + g. What is the tens digit of x?
5
Let m be 6010 - (6/(-10) - 170/50). Suppose 13*b - 1682 = m. What is the hundreds digit of b?
5
Suppose 0 = 8*i - i - 28. Let y be i*45/24*2. What is the tens digit of (-2 + 18/y)/((-6)/435)?
5
Suppose 3*u - 304*t = -303*t + 65955, -u - 4*t = -21959. What is the thousands digit of u?
1
Suppose 49 = a - 529. Suppose 534 = 2*p + 3*w, -a = -4*p - 2*w + 498. What is the hundreds digit of p?
2
Suppose -3*p + 3*q + 144 = 0, -4*q - 164 = -3*p - 5*q. Suppose -15*s = -p*s + 50768. What is the thousands digit of s?
1
What is the hundreds digit of (-1 - (-16)/32) + (-49089)/(-2)?
5
Let a be 2172/(-78) - 12/78. Suppose 0 = -5*f + 231 + 194. Let t = a + f. What is the units digit of t?
7
Let c(s) = -s**2 - 14*s - 21. Let o be c(-13). Let y be (-15)/10*2 - o. Suppose 0 = -u + 3*h + 70, 5*h = y*u - u - 266. What is the units digit of u?
4
What is the thousands digit of (-22 + 11 - -9751) + 6 + -6?
9
Let j = -2932 - -2953. Let b(i) be the third derivative of -i**6/120 + 7*i**5/20 + i**4/8 - 16*i**3/3 - i**2. What is the tens digit of b(j)?
3
Suppose 35612*g - 35618*g + 91716 = 0. What is the tens digit of g?
8
Let d be 192/14 - 2/(-7). Let f be (-1 - -3) + -8 + 13 + -63. What is the units digit of ((-24)/d)/(-3 - 167/f)?
6
Suppose 3*z - g - 75 = -4*g, z + 4*g = 28. Suppose z = -4*s + 12*s. Suppose -78 - 141 = -s*x. What is the tens digit of x?
7
Let z(c) = -4*c**2 - 4*c - 5. Let h(l) = 7*l**2 + 9*l + 9. Let t(o) = -3*h(o) - 5*z(o). Let x be t(-6). Suppose x*k = 199 + 221. What is the units digit of k?
5
Let c(k) = 101*k + 3. Let s(n) = n - 1. Let w(r) = c(r) - 2*s(r). What is the units digit of w(2)?
3
Let x(h) = 2*h - 1. Let u(n) be the third derivative of n**5/60 - 11*n**4/24 - 5*n**3 + 2*n**2 + 37*n. Let w(o) = u(o) - x(o). What is the tens digit of w(-8)?
3
Let v(q) = -624*q**2 - 2*q - 5. Let b(p) = -312*p**2 - p - 2. Let s(k) = -5*b(k) + 2*v(k). What is the units digit of s(-1)?
1
Let y = 163 + -88. Let n = y - 65. What is the units digit of (42/n)/(4 - (-139)/(-35))?
7
Let c(b) = -b**3 - 24*b**2 + b + 25. Let z be c(-24). What is the tens digit of z/(70/(-65) + 1)*-26?
3
Suppose -92*y + 552223 = -184145 - 82800. What is the thousands digit of y?
8
Suppose 0 = 49*o + 45*o - 1426212 - 91888. What is the tens digit of o?
5
Suppose -30*k + 16*k - 7798 = 0. Let d = k + 729. What is the tens digit of d?
7
Suppose 43*v - 83909 - 94412 = 0. What is the tens digit of v?
4
Suppose -13*s + 9*s + 4*q + 8 = 0, 4*s = q + 11. Suppose -179 = 5*v - 5*b - 924, 2*v - 283 = -s*b. What is the tens digit of v?
4
Let s(n) = -111*n**2 - 3. Let r = -39 - -37. Let i be s(r). What is the units digit of 2*(2/(-6) + i/(-18))?
9
Let n = -189 - -191. Suppose -5*q = -n*d - 2336, -8*d = 4*q - 12*d - 1864. What is the units digit of q?
8
Suppose 3302172 = 500*x + 833172. What is the thousands digit